{"id":1597,"date":"2022-03-27T13:05:17","date_gmt":"2022-03-27T11:05:17","guid":{"rendered":"https:\/\/www.thecityrent.be\/?post_type=product&#038;p=1597"},"modified":"2023-02-01T09:57:39","modified_gmt":"2023-02-01T08:57:39","slug":"sf-bodensaege-230-mm","status":"publish","type":"product","link":"https:\/\/www.thecityrent.be\/de\/produkt\/sf-bodensaege-230-mm\/","title":{"rendered":"SF-BODENS\u00c4GE 230 MM"},"content":{"rendered":"<ul>\n<li><strong>KAUTION<\/strong> : 200,00 \u20ac<\/li>\n<li><strong>PREIS\/TAG<\/strong> : 175,00 \u20ac<\/li>\n<li><strong>PREIS\/TAG\/WOCHE<\/strong> : 140,00 \u20ac<\/li>\n<li><strong>PREIS\/WOCHENENDE<\/strong> : 316,00 \u20ac<\/li>\n<li><strong>PREIS\/TAG\/MONAT<\/strong> : 105,00 \u20ac<\/li>\n<\/ul>\n","protected":false},"excerpt":{"rendered":"<p>Bodens\u00e4ge 230 mm<\/p>\n<p>Diamantverschlei\u00df\u00a060\u20ac pro Millimeter.<\/p>\n","protected":false},"featured_media":4690,"comment_status":"closed","ping_status":"closed","template":"","meta":{"_acf_changed":false},"product_brand":[],"product_cat":[70],"product_tag":[],"class_list":{"0":"post-1597","1":"product","2":"type-product","3":"status-publish","4":"has-post-thumbnail","6":"product_cat-saegen-und-bohren","8":"first","9":"instock","10":"taxable","11":"shipping-taxable","12":"purchasable","13":"product-type-simple"},"acf":[],"yoast_head":"<!-- This site is optimized with the Yoast SEO plugin v27.5 - https:\/\/yoast.com\/product\/yoast-seo-wordpress\/ -->\n<title>SF-BODENS\u00c4GE 230 MM - The City Rent &amp; Partner<\/title>\n<meta name=\"robots\" content=\"index, follow, max-snippet:-1, max-image-preview:large, max-video-preview:-1\" \/>\n<link rel=\"canonical\" href=\"https:\/\/www.thecityrent.be\/de\/produkt\/sf-bodensaege-230-mm\/\" \/>\n<meta property=\"og:locale\" content=\"de_DE\" \/>\n<meta property=\"og:type\" content=\"article\" \/>\n<meta property=\"og:title\" content=\"SF-BODENS\u00c4GE 230 MM - The City Rent &amp; Partner\" \/>\n<meta property=\"og:description\" content=\"Bodens\u00e4ge 230 mm  Diamantverschlei\u00df\u00a060\u20ac pro Millimeter.\" \/>\n<meta property=\"og:url\" content=\"https:\/\/www.thecityrent.be\/de\/produkt\/sf-bodensaege-230-mm\/\" \/>\n<meta property=\"og:site_name\" content=\"The City Rent &amp; Partner\" \/>\n<meta property=\"article:modified_time\" content=\"2023-02-01T08:57:39+00:00\" \/>\n<meta property=\"og:image\" content=\"https:\/\/www.thecityrent.be\/wp-content\/uploads\/scie-sol-140.jpg\" \/>\n\t<meta property=\"og:image:width\" content=\"446\" \/>\n\t<meta property=\"og:image:height\" content=\"474\" \/>\n\t<meta property=\"og:image:type\" content=\"image\/jpeg\" \/>\n<meta name=\"twitter:card\" content=\"summary_large_image\" \/>\n<meta name=\"twitter:label1\" content=\"Gesch\u00e4tzte Lesezeit\" \/>\n\t<meta name=\"twitter:data1\" content=\"1\u00a0Minute\" \/>\n<script type=\"application\/ld+json\" class=\"yoast-schema-graph\">{\"@context\":\"https:\\\/\\\/schema.org\",\"@graph\":[{\"@type\":\"WebPage\",\"@id\":\"https:\\\/\\\/www.thecityrent.be\\\/de\\\/produkt\\\/sf-bodensaege-230-mm\\\/\",\"url\":\"https:\\\/\\\/www.thecityrent.be\\\/de\\\/produkt\\\/sf-bodensaege-230-mm\\\/\",\"name\":\"SF-BODENS\u00c4GE 230 MM - The City Rent &amp; Partner\",\"isPartOf\":{\"@id\":\"https:\\\/\\\/www.thecityrent.be\\\/#website\"},\"primaryImageOfPage\":{\"@id\":\"https:\\\/\\\/www.thecityrent.be\\\/de\\\/produkt\\\/sf-bodensaege-230-mm\\\/#primaryimage\"},\"image\":{\"@id\":\"https:\\\/\\\/www.thecityrent.be\\\/de\\\/produkt\\\/sf-bodensaege-230-mm\\\/#primaryimage\"},\"thumbnailUrl\":\"https:\\\/\\\/www.thecityrent.be\\\/wp-content\\\/uploads\\\/norton-csb1-2-88382-f-sk6-w1550-h1080.png\",\"datePublished\":\"2022-03-27T11:05:17+00:00\",\"dateModified\":\"2023-02-01T08:57:39+00:00\",\"breadcrumb\":{\"@id\":\"https:\\\/\\\/www.thecityrent.be\\\/de\\\/produkt\\\/sf-bodensaege-230-mm\\\/#breadcrumb\"},\"inLanguage\":\"de\",\"potentialAction\":[{\"@type\":\"ReadAction\",\"target\":[\"https:\\\/\\\/www.thecityrent.be\\\/de\\\/produkt\\\/sf-bodensaege-230-mm\\\/\"]}]},{\"@type\":\"ImageObject\",\"inLanguage\":\"de\",\"@id\":\"https:\\\/\\\/www.thecityrent.be\\\/de\\\/produkt\\\/sf-bodensaege-230-mm\\\/#primaryimage\",\"url\":\"https:\\\/\\\/www.thecityrent.be\\\/wp-content\\\/uploads\\\/norton-csb1-2-88382-f-sk6-w1550-h1080.png\",\"contentUrl\":\"https:\\\/\\\/www.thecityrent.be\\\/wp-content\\\/uploads\\\/norton-csb1-2-88382-f-sk6-w1550-h1080.png\",\"width\":1080,\"height\":1080},{\"@type\":\"BreadcrumbList\",\"@id\":\"https:\\\/\\\/www.thecityrent.be\\\/de\\\/produkt\\\/sf-bodensaege-230-mm\\\/#breadcrumb\",\"itemListElement\":[{\"@type\":\"ListItem\",\"position\":1,\"name\":\"Home\",\"item\":\"https:\\\/\\\/www.thecityrent.be\\\/de\\\/\"},{\"@type\":\"ListItem\",\"position\":2,\"name\":\"Shop\",\"item\":\"https:\\\/\\\/www.thecityrent.be\\\/shop\\\/\"},{\"@type\":\"ListItem\",\"position\":3,\"name\":\"SF-BODENS\u00c4GE 230 MM\"}]},{\"@type\":\"WebSite\",\"@id\":\"https:\\\/\\\/www.thecityrent.be\\\/#website\",\"url\":\"https:\\\/\\\/www.thecityrent.be\\\/\",\"name\":\"The City Rent &amp; Partner\",\"description\":\"Votre partenaire pour la location de mat\u00e9riel, outillage &amp; v\u00e9hicules\",\"potentialAction\":[{\"@type\":\"SearchAction\",\"target\":{\"@type\":\"EntryPoint\",\"urlTemplate\":\"https:\\\/\\\/www.thecityrent.be\\\/?s={search_term_string}\"},\"query-input\":{\"@type\":\"PropertyValueSpecification\",\"valueRequired\":true,\"valueName\":\"search_term_string\"}}],\"inLanguage\":\"de\"}]}<\/script>\n<!-- \/ Yoast SEO plugin. -->","yoast_head_json":{"title":"SF-BODENS\u00c4GE 230 MM - The City Rent &amp; Partner","robots":{"index":"index","follow":"follow","max-snippet":"max-snippet:-1","max-image-preview":"max-image-preview:large","max-video-preview":"max-video-preview:-1"},"canonical":"https:\/\/www.thecityrent.be\/de\/produkt\/sf-bodensaege-230-mm\/","og_locale":"de_DE","og_type":"article","og_title":"SF-BODENS\u00c4GE 230 MM - The City Rent &amp; Partner","og_description":"Bodens\u00e4ge 230 mm  Diamantverschlei\u00df\u00a060\u20ac pro Millimeter.","og_url":"https:\/\/www.thecityrent.be\/de\/produkt\/sf-bodensaege-230-mm\/","og_site_name":"The City Rent &amp; Partner","article_modified_time":"2023-02-01T08:57:39+00:00","og_image":[{"width":446,"height":474,"url":"https:\/\/www.thecityrent.be\/wp-content\/uploads\/scie-sol-140.jpg","type":"image\/jpeg"}],"twitter_card":"summary_large_image","twitter_misc":{"Gesch\u00e4tzte Lesezeit":"1\u00a0Minute"},"schema":{"@context":"https:\/\/schema.org","@graph":[{"@type":"WebPage","@id":"https:\/\/www.thecityrent.be\/de\/produkt\/sf-bodensaege-230-mm\/","url":"https:\/\/www.thecityrent.be\/de\/produkt\/sf-bodensaege-230-mm\/","name":"SF-BODENS\u00c4GE 230 MM - The City Rent &amp; Partner","isPartOf":{"@id":"https:\/\/www.thecityrent.be\/#website"},"primaryImageOfPage":{"@id":"https:\/\/www.thecityrent.be\/de\/produkt\/sf-bodensaege-230-mm\/#primaryimage"},"image":{"@id":"https:\/\/www.thecityrent.be\/de\/produkt\/sf-bodensaege-230-mm\/#primaryimage"},"thumbnailUrl":"https:\/\/www.thecityrent.be\/wp-content\/uploads\/norton-csb1-2-88382-f-sk6-w1550-h1080.png","datePublished":"2022-03-27T11:05:17+00:00","dateModified":"2023-02-01T08:57:39+00:00","breadcrumb":{"@id":"https:\/\/www.thecityrent.be\/de\/produkt\/sf-bodensaege-230-mm\/#breadcrumb"},"inLanguage":"de","potentialAction":[{"@type":"ReadAction","target":["https:\/\/www.thecityrent.be\/de\/produkt\/sf-bodensaege-230-mm\/"]}]},{"@type":"ImageObject","inLanguage":"de","@id":"https:\/\/www.thecityrent.be\/de\/produkt\/sf-bodensaege-230-mm\/#primaryimage","url":"https:\/\/www.thecityrent.be\/wp-content\/uploads\/norton-csb1-2-88382-f-sk6-w1550-h1080.png","contentUrl":"https:\/\/www.thecityrent.be\/wp-content\/uploads\/norton-csb1-2-88382-f-sk6-w1550-h1080.png","width":1080,"height":1080},{"@type":"BreadcrumbList","@id":"https:\/\/www.thecityrent.be\/de\/produkt\/sf-bodensaege-230-mm\/#breadcrumb","itemListElement":[{"@type":"ListItem","position":1,"name":"Home","item":"https:\/\/www.thecityrent.be\/de\/"},{"@type":"ListItem","position":2,"name":"Shop","item":"https:\/\/www.thecityrent.be\/shop\/"},{"@type":"ListItem","position":3,"name":"SF-BODENS\u00c4GE 230 MM"}]},{"@type":"WebSite","@id":"https:\/\/www.thecityrent.be\/#website","url":"https:\/\/www.thecityrent.be\/","name":"The City Rent &amp; Partner","description":"Votre partenaire pour la location de mat\u00e9riel, outillage &amp; v\u00e9hicules","potentialAction":[{"@type":"SearchAction","target":{"@type":"EntryPoint","urlTemplate":"https:\/\/www.thecityrent.be\/?s={search_term_string}"},"query-input":{"@type":"PropertyValueSpecification","valueRequired":true,"valueName":"search_term_string"}}],"inLanguage":"de"}]}},"_links":{"self":[{"href":"https:\/\/www.thecityrent.be\/de\/wp-json\/wp\/v2\/product\/1597","targetHints":{"allow":["GET"]}}],"collection":[{"href":"https:\/\/www.thecityrent.be\/de\/wp-json\/wp\/v2\/product"}],"about":[{"href":"https:\/\/www.thecityrent.be\/de\/wp-json\/wp\/v2\/types\/product"}],"replies":[{"embeddable":true,"href":"https:\/\/www.thecityrent.be\/de\/wp-json\/wp\/v2\/comments?post=1597"}],"wp:featuredmedia":[{"embeddable":true,"href":"https:\/\/www.thecityrent.be\/de\/wp-json\/wp\/v2\/media\/4690"}],"wp:attachment":[{"href":"https:\/\/www.thecityrent.be\/de\/wp-json\/wp\/v2\/media?parent=1597"}],"wp:term":[{"taxonomy":"product_brand","embeddable":true,"href":"https:\/\/www.thecityrent.be\/de\/wp-json\/wp\/v2\/product_brand?post=1597"},{"taxonomy":"product_cat","embeddable":true,"href":"https:\/\/www.thecityrent.be\/de\/wp-json\/wp\/v2\/product_cat?post=1597"},{"taxonomy":"product_tag","embeddable":true,"href":"https:\/\/www.thecityrent.be\/de\/wp-json\/wp\/v2\/product_tag?post=1597"}],"curies":[{"name":"wp","href":"https:\/\/api.w.org\/{rel}","templated":true}]}}

SF-BODENSÄGE 230 MM

<p>Bodensäge 230 mm</p>
<p>Diamantverschleiß 60€ pro Millimeter.</p>

<!-- This site is optimized with the Yoast SEO plugin v27.5 - https://yoast.com/product/yoast-seo-wordpress/ -->
<title>SF-BODENSÄGE 230 MM - The City Rent &amp; Partner</title>
<meta name="robots" content="index, follow, max-snippet:-1, max-image-preview:large, max-video-preview:-1" />
<link rel="canonical" href="https://www.thecityrent.be/de/produkt/sf-bodensaege-230-mm/" />
<meta property="og:locale" content="de_DE" />
<meta property="og:type" content="article" />
<meta property="og:title" content="SF-BODENSÄGE 230 MM - The City Rent &amp; Partner" />
<meta property="og:description" content="Bodensäge 230 mm  Diamantverschleiß 60€ pro Millimeter." />
<meta property="og:url" content="https://www.thecityrent.be/de/produkt/sf-bodensaege-230-mm/" />
<meta property="og:site_name" content="The City Rent &amp; Partner" />
<meta property="article:modified_time" content="2023-02-01T08:57:39+00:00" />
<meta property="og:image" content="https://www.thecityrent.be/wp-content/uploads/scie-sol-140.jpg" />
	<meta property="og:image:width" content="446" />
	<meta property="og:image:height" content="474" />
	<meta property="og:image:type" content="image/jpeg" />
<meta name="twitter:card" content="summary_large_image" />
<meta name="twitter:label1" content="Geschätzte Lesezeit" />
	<meta name="twitter:data1" content="1 Minute" />
<script type="application/ld+json" class="yoast-schema-graph">{"@context":"https:\/\/schema.org","@graph":[{"@type":"WebPage","@id":"https:\/\/www.thecityrent.be\/de\/produkt\/sf-bodensaege-230-mm\/","url":"https:\/\/www.thecityrent.be\/de\/produkt\/sf-bodensaege-230-mm\/","name":"SF-BODENSÄGE 230 MM - The City Rent &amp; Partner","isPartOf":{"@id":"https:\/\/www.thecityrent.be\/#website"},"primaryImageOfPage":{"@id":"https:\/\/www.thecityrent.be\/de\/produkt\/sf-bodensaege-230-mm\/#primaryimage"},"image":{"@id":"https:\/\/www.thecityrent.be\/de\/produkt\/sf-bodensaege-230-mm\/#primaryimage"},"thumbnailUrl":"https:\/\/www.thecityrent.be\/wp-content\/uploads\/norton-csb1-2-88382-f-sk6-w1550-h1080.png","datePublished":"2022-03-27T11:05:17+00:00","dateModified":"2023-02-01T08:57:39+00:00","breadcrumb":{"@id":"https:\/\/www.thecityrent.be\/de\/produkt\/sf-bodensaege-230-mm\/#breadcrumb"},"inLanguage":"de","potentialAction":[{"@type":"ReadAction","target":["https:\/\/www.thecityrent.be\/de\/produkt\/sf-bodensaege-230-mm\/"]}]},{"@type":"ImageObject","inLanguage":"de","@id":"https:\/\/www.thecityrent.be\/de\/produkt\/sf-bodensaege-230-mm\/#primaryimage","url":"https:\/\/www.thecityrent.be\/wp-content\/uploads\/norton-csb1-2-88382-f-sk6-w1550-h1080.png","contentUrl":"https:\/\/www.thecityrent.be\/wp-content\/uploads\/norton-csb1-2-88382-f-sk6-w1550-h1080.png","width":1080,"height":1080},{"@type":"BreadcrumbList","@id":"https:\/\/www.thecityrent.be\/de\/produkt\/sf-bodensaege-230-mm\/#breadcrumb","itemListElement":[{"@type":"ListItem","position":1,"name":"Home","item":"https:\/\/www.thecityrent.be\/de\/"},{"@type":"ListItem","position":2,"name":"Shop","item":"https:\/\/www.thecityrent.be\/shop\/"},{"@type":"ListItem","position":3,"name":"SF-BODENSÄGE 230 MM"}]},{"@type":"WebSite","@id":"https:\/\/www.thecityrent.be\/#website","url":"https:\/\/www.thecityrent.be\/","name":"The City Rent &amp; Partner","description":"Votre partenaire pour la location de matériel, outillage &amp; véhicules","potentialAction":[{"@type":"SearchAction","target":{"@type":"EntryPoint","urlTemplate":"https:\/\/www.thecityrent.be\/?s={search_term_string}"},"query-input":{"@type":"PropertyValueSpecification","valueRequired":true,"valueName":"search_term_string"}}],"inLanguage":"de"}]}</script>
<!-- / Yoast SEO plugin. -->

SF-BODENSÄGE 230 MM - The City Rent &amp; Partner

Bodensäge 230 mm  Diamantverschleiß 60€ pro Millimeter.

Votre partenaire pour la location de matériel, outillage &amp; véhicules
